{"id":295,"date":"2018-12-09T19:55:32","date_gmt":"2018-12-09T19:55:32","guid":{"rendered":"http:\/\/varmdokompaniet.se\/?post_type=product&#038;p=295"},"modified":"2020-10-03T14:42:22","modified_gmt":"2020-10-03T14:42:22","slug":"varmdostolen","status":"publish","type":"product","link":"https:\/\/varmdokompaniet.se\/?product=varmdostolen","title":{"rendered":"V\u00c4RMD\u00d6STOLEN"},"content":{"rendered":"<p><em><strong>V\u00e4rmd\u00f6stolen<\/strong><\/em> \u00e4r en mjuk och komfortabel diningstol i f\u00e5rskinn p\u00e5 insidan med en stomme i m\u00f6rkt tr\u00e4. Passar s\u00e5v\u00e4l mindre hus och l\u00e4genheter som st\u00f6rre matrum.<\/p>\n","protected":false},"excerpt":{"rendered":"<p>Levereras omonterad.<span class=\"more-link\"><a href=\"https:\/\/varmdokompaniet.se\/?product=varmdostolen\">Read More &rarr;<\/a><\/span><\/p>\n","protected":false},"featured_media":571,"template":"","meta":{"jetpack_publicize_message":"","jetpack_publicize_feature_enabled":true,"jetpack_social_post_already_shared":true,"jetpack_social_options":{"image_generator_settings":{"template":"highway","default_image_id":0,"font":"","enabled":false},"version":2}},"class_list":{"0":"entry","1":"author-varmdokompaniet","2":"has-excerpt","3":"post-295","4":"product","5":"type-product","6":"status-publish","7":"has-post-thumbnail","8":"product_cat-fatoljen","9":"product_shipping_class-stora-produkter","11":"first","12":"outofstock","13":"shipping-taxable","14":"purchasable","15":"product-type-simple"},"jetpack_publicize_connections":[],"jetpack_sharing_enabled":false,"_links":{"self":[{"href":"https:\/\/varmdokompaniet.se\/index.php?rest_route=\/wp\/v2\/product\/295","targetHints":{"allow":["GET"]}}],"collection":[{"href":"https:\/\/varmdokompaniet.se\/index.php?rest_route=\/wp\/v2\/product"}],"about":[{"href":"https:\/\/varmdokompaniet.se\/index.php?rest_route=\/wp\/v2\/types\/product"}],"wp:featuredmedia":[{"embeddable":true,"href":"https:\/\/varmdokompaniet.se\/index.php?rest_route=\/wp\/v2\/media\/571"}],"wp:attachment":[{"href":"https:\/\/varmdokompaniet.se\/index.php?rest_route=%2Fwp%2Fv2%2Fmedia&parent=295"}],"curies":[{"name":"wp","href":"https:\/\/api.w.org\/{rel}","templated":true}]}}